*m - 12. Let p be h(-9). Let l = -15 + p. What is the greatest common divisor of 27 and l?
9
Let g = 145 - 123. Let l(n) = 2*n**2 - 2*n - 26. Let k be l(13). What is the highest common divisor of g and k?
22
Let w be (-1)/(-4) - (-51)/4. Let b(k) = -24*k**2 - 1062*k - 121. Let d be b(-44). Calculate the greatest common factor of w and d.
13
Suppose 2*s - 20 = -3*s. Suppose -4*i - 4*u = -s, 3 = u - 4*u. Suppose -i*l + 17 = -5*h, -4*l - 2*h - 32 = -9*l. What is the greatest common factor of l and 6?
6
Let j = -123 - -135. Let k be (-33)/(-2) - 18/j. Calculate the highest common factor of k and 5.
5
Let h be -22*((-10)/4 + -2). Suppose 2*y - 136 = 2*p, 13*p = 9*p - 2*y - 242. Let u = p - -72. Calculate the highest common factor of u and h.
9
Let v be (-2 - -276)/1 - 2. Suppose -4*y - 75 = -3*u, 63*u + 4*y + 92 = 67*u. Calculate the highest common factor of v and u.
17
Suppose -3*d = 2 - 8. Suppose d*b - 1430 = -3*b. Let g(p) = 6*p - 10. Let n be g(6). What is the greatest common factor of n and b?
26
Let x be (-7)/(28/(-40)) + 22. Calculate the greatest common factor of 24 and x.
8
Let u be 640/6 - 12/18. Calculate the greatest common divisor of 848 and u.
106
Suppose 204*j - 103666 + 26554 = 0. Calculate the highest common divisor of j and 602.
14
Let o(q) = 199*q + 4211. Let m be o(-20). What is the greatest common factor of m and 14399?
77
Let d be 7 - (33 + -10) - -84. Calculate the greatest common factor of 12 and d.
4
Let z = 20537 + 211. Calculate the highest common factor of 7 and z.
7
Let d be 50 - -77 - (4/(-1))/(-4). What is the highest common divisor of 126 and d?
126
Let o = -16165 + 16256. Calculate the greatest common factor of o and 3367.
91
Let t(c) = 2*c**2 + 47*c - 622. Let i be t(10). What is the greatest common factor of i and 27?
3
Let h(n) = 11*n**3 - 143*n**2 + 60*n - 20. Let f be h(18). What is the greatest common divisor of f and 20?
20
Let a(d) = -8*d - 1526. Let g be a(-196). Suppose -5*v + 73 - 183 = 0. Let k = 36 + v. What is the greatest common factor of g and k?
14
Suppose 0 = 5*a - 4*u - 4030, -21*u = 2*a - 25*u - 1612. What is the highest common factor of 65 and a?
13
Let t(f) = 126*f**2 + 32*f + 2. Let b be t(-1). Suppose 3*k = -k - 3*p + 255, -5*p - 275 = -5*k. What is the greatest common divisor of b and k?
12
Suppose -36*d = -31*d - 2*c - 2452, 0 = 3*d + c - 1480. Calculate the highest common factor of 78 and d.
6
Suppose x - 1947 = -2*x + 5*g, 3*x + 3*g = 1923. What is the highest common factor of 224 and x?
28
Let y = 31 + -26. Let d(a) = -4*a**2 + a - 1. Let c be d(y). Let o be c/36*(-66)/8. What is the highest common factor of 88 and o?
22
Let u be (317/(-3) - 3) + 3/(-9). Let h = -96 - u. Let x = -11 + 24. What is the greatest common divisor of x and h?
13
Let q be 461 - 3 - (0 + 9 + -4). Let o = q + -329. What is the greatest common factor of 279 and o?
31
Let v(k) = 2*k**3 - 25*k**2 + 78*k - 3. Let d be v(8). Calculate the greatest common factor of d and 2115.
45
Let t = -358 - -419. Suppose 4*p + 0*p = y - 82, -y - 3*p + t = 0. Calculate the greatest common divisor of 112 and y.
14
Suppose 0 = 27*i + 13*i - 51*i + 56606. Calculate the highest common factor of 664 and i.
166
Let o be 63/(-168) + (-131169)/(-408) + 2/(-17). What is the highest common divisor of o and 107?
107
Suppose -5*k + 168 = -s + 3*s, 0 = -3*k + 5*s + 107. Let r = k - 34. Suppose 4*i = -4*a - 8 + 84, -3*i - 3 = r. What is the greatest common divisor of a and 50?
10
Let o(a) = -61*a + 1. Let l be o(1). Let n = 77 + l. Calculate the highest common divisor of 2 and n.
1
Let j be (-220545)/(-104) - 9/(-24). Calculate the greatest common divisor of 21 and j.
21
Suppose 0 = 14*x - 33 - 9. Suppose 0 = -n - 1, -2*v = 3*n - 137 - 148. What is the greatest common factor of v and x?
3
Let v = -2 - -232. Let a(m) = 1282*m + 29578. Let l be a(-23). Calculate the highest common factor of l and v.
46
Suppose 0 = -i - 13*i + 14938. Calculate the greatest common divisor of 11 and i.
11
Suppose 2*i + 5*h - 2*h = 21, -3*h + 3 = -4*i. Suppose i*c - 68 = -c. Let t = -379 - -396. What is the greatest common divisor of c and t?
17
Suppose c + 17487 = 2*x, -40*c + 34995 = 4*x - 35*c. What is the greatest common divisor of x and 636?
159
Let p = 317 + -187. Suppose 371*r - 368*r = 3*n - 201, -n - 5*r + 133 = 0. What is the highest common factor of p and n?
26
Suppose 0 = -34*n + 32*n + 38. Let d = -16 + n. Suppose -d*u - 18 + 84 = 2*z, -4*u + 2*z = -74. What is the greatest common divisor of 60 and u?
20
Let c = -68 - -70. Let z be (1 - 0/3)*0/c. Suppose 4*i - 6*i + 80 = z. What is the greatest common factor of 40 and i?
40
Let g be (2 - -10)/2 + 10*(20 + -1). Calculate the greatest common factor of 28 and g.
28
Let p be (-12)/22 + (-85950)/(-33). Calculate the highest common factor of 21 and p.
21
Let w(h) = 10*h**3 + 18*h**2 - 39*h - 2. Let z be w(2). What is the greatest common divisor of 6144 and z?
24
Suppose -j - 109 = -7. Let y = -85 - j. Let t = -60 - -145. Calculate the greatest common factor of t and y.
17
Suppose 0 = d + 4*r - 446, 0*d = 4*d + 5*r - 1773. Suppose -728 = -21237*c + 21181*c. What is the greatest common factor of d and c?
13
Let q = -13900 + 13972. What is the highest common divisor of q and 10872?
72
Suppose -23 = -15*s + 67. Let t(y) = 22*y - 28. Let a be t(s). What is the greatest common divisor of a and 8?
8
Let f be (0 - -78)/((-5)/((-350)/20)). Let p be 20/3 + 91/f. Calculate the highest common factor of 2 and p.
1
Suppose -4*g - 5*k = -74742, 5*g - 18237 = k + 75205. Calculate the greatest common divisor of 219 and g.
73
Let s(y) = -y**2 - 14*y + 48. Let m be s(-17). Let t(l) = 6*l**2 - 5*l. Let p be t(m). Calculate the highest common factor of 207 and p.
69
Let z(v) = 6*v**2 - 5*v - 3. Let s = 35 + -33. Let j be z(s). What is the highest common divisor of 88 and j?
11
Suppose -4*g = 4*p - 3*g - 28, -3*g = -2*p. Suppose -p*y + 2*y + 160 = 4*x, -3*x = -y + 24. Calculate the greatest common divisor of y and 36.
36
Let h(t) = t**3 + t**2 + 13*t - 2. Let m be h(7). Suppose 5*r + 37 = 6*r. Calculate the greatest common divisor of r and m.
37
Let p(n) = -n**3 + 28*n**2 + 60*n - 1273. Let s be p(28). Calculate the highest common factor of 55 and s.
11
Let c(k) = -2*k**2 - 113*k - 552. Let a be c(-46). What is the highest common factor of 644 and a?
46
Let y = -4 + 6. Let n(f) = f**3 - 3*f**2 - 8*f + 14. Let g be n(-2). Calculate the highest common divisor of g and y.
2
Let l(y) = -y**3 + 45*y**2 + 72*y - 1151. Let w be l(46). Calculate the highest common divisor of w and 3501.
9
Let o be (-2)/(-12) - ((-78155)/(-42))/11. Let w = o - -339. Calculate the greatest common factor of w and 10.
10
Suppose -18*l + 106400 = -16*l + 33*l. What is the greatest common divisor of l and 1235?
95
Suppose -2513 + 10755 + 9622 = 11*m. What is the greatest common factor of m and 1827?
203
Let j = 102 + -38. Let o(z) = -z**3 + 16*z**2 - 27*z + 2. Let u be o(14). What is the highest common divisor of u and j?
16
Let g = 52 + -58. Let h be g/9*12/8. Let d be 4/(-8) + (46/(-4))/h. Calculate the greatest common factor of 22 and d.
11
Suppose -25*n = -20*n + 320. Let r = n + 65. Let u be ((-34)/4)/(8/(-16)). What is the highest common factor of u and r?
1
Let v(k) = k**2 + 5*k + 9. Let t be v(-4). Suppose -3 = t*b - 6*b. Let f be ((-1040)/15)/(-8)*b. Calculate the highest common divisor of 286 and f.
26
Let k = -16016 + 16086. What is the highest common factor of k and 560?
70
Let o be 6*(10/(-6) - (-35)/15). What is the greatest common factor of 654 and o?
2
Let s be 51 + (-15)/5*3/3. Suppose -1104 = -294*h + 291*h. Calculate the highest common factor of h and s.
16
Let z(h) = -16*h + 28. Let g be z(19). Let f = 531 + g. Let s = -135 + f. What is the greatest common divisor of s and 24?
24
Suppose -700*u + 504 = -692*u. Calculate the highest common factor of 168 and u.
21
Let d(a) = -a**2 - 20*a - 30. Let y be d(-18). Suppose 0 = y*t - 10*t + 496. What is the greatest common factor of t and 16?
4
Let a be (23 - 22) + -1*2. Let m be a/(-3) + (-393)/(-9) + 5. Calculate the highest common factor of 539 and m.
49
Let h(m) be the second derivative of 35*m**3/6 - 25*m**2/2 + 58*m. Let n be h(1). What is the greatest common factor of 290 and n?
10
Let z be